is divided by v.
14
Let g = 4300 + -3197. What is the remainder when g is divided by 26?
11
Suppose 6 = -2*n + 4*n. What is the remainder when (-6180)/(-1442)*14/4 is divided by n?
0
Suppose 0 = 9*u + 3034 - 145. Let x = u - -329. Calculate the remainder when 25 is divided by x.
1
Suppose -23*v - 38*v = 48*v - 252880. What is the remainder when v is divided by 1156?
8
Let x(g) = -201*g - 1942. What is the remainder when x(-14) is divided by 290?
2
Suppose 5*t + 70 = 270. Suppose -t = 2*m - 3*m. Let l = -39 + 61. Calculate the remainder when m is divided by l.
18
Let k = -927 + 1271. What is the remainder when k is divided by 44?
36
Let y = -18351 - -18394. Suppose -3*k + 328 = k. Calculate the remainder when k is divided by y.
39
Let b be (-273)/4 + (44/(-16) - -3). Let o = -39 - b. Suppose -205 = -4*t + 131. What is the remainder when t is divided by o?
26
Suppose -8*z + 4 + 702 - 82 = 0. What is the remainder when 267 is divided by z?
33
Suppose 22*n = -55*n + 339 + 2202. Calculate the remainder when 617 is divided by n.
23
Let r be 7 + 43 + -1 + 8. Suppose -r*g - 13145 = -61766. Calculate the remainder when g is divided by 95.
93
Let y(g) = -7*g**2 - 5*g - 1. Let p be y(-2). Let i = p - -31. Let u(l) = l**3 - 13*l**2 + 13*l - 1. Calculate the remainder when u(i) is divided by 5.
1
Suppose 18*p + 1407 = 19*p - 3*d, 2*d - 5684 = -4*p. Calculate the remainder when p is divided by 49.
47
Suppose -4*n - 2*q + 475 = -103, 3*q = -2*n + 295. Calculate the remainder when n is divided by 84.
59
Let r(g) = -g + 16. Let c be (-5)/(-8)*-22 + 27/36. What is the remainder when 115 is divided by r(c)?
28
Suppose -16*o + 22*o - 108 = 0. Let w = 54 - o. Suppose 0 = -2*h - 2 - 2, h = i - w. Calculate the remainder when i is divided by 6.
4
Let x be 4 + -3 + 12 + 4. Let s(d) = -6*d**2 + 31*d**2 + x*d**2 + d + 0*d. Calculate the remainder when s(-1) is divided by 21.
20
Let c be (2/(-4))/(4/(-24)) + -1. Suppose 4*m - c = -2. Suppose -p - 62 + 84 = m. Calculate the remainder when p is divided by 12.
10
Suppose 93 = -2*g + 327. Let a = -40202 + 40209. Calculate the remainder when g is divided by a.
5
Suppose 2*b + n = 0, 4*b + 6*n - 24 = 10*n. Suppose d + 28 = v - 3*v, v = -5*d - 32. Let x = -2 - v. What is the remainder when x is divided by b?
0
Suppose 3*m - 136*q + 140*q - 107 = 0, -2*m = 2*q - 74. Calculate the remainder when 337 is divided by m.
9
Let d = -110802 + 111170. Suppose 2*g - 37 = g. Calculate the remainder when d is divided by g.
35
Let a(w) = 7*w + 91. Let n be a(-8). Suppose 5*t - 5*z + n = 125, 2*t + z - 51 = 0. What is the remainder when 41 is divided by t?
18
Let y(q) be the second derivative of -119*q**3/6 - 2*q + 61. What is the remainder when y(-1) is divided by 24?
23
Let v = 54 + -24. Suppose b + 5*r - 144 = 0, 4*r + 279 = 4*b - 177. Calculate the remainder when b is divided by v.
29
Let p(u) = 2*u - 3*u + 0*u + 41 - 2*u. Let s be p(12). Suppose -5*c = 4*h - 105, 135 = s*h + 3*c + 2*c. What is the remainder when h is divided by 11?
8
Let c be 10/60 - (-3 - (-57)/18). Suppose -m - 21 - 78 = c. Let u = m - -115. What is the remainder when u is divided by 3?
1
Let v(t) = t**3 + 18*t**2 + 13*t - 247. What is the remainder when 133 is divided by v(-16)?
19
Calculate the remainder when 447 is divided by (14/(1750/(-325)))/((-4)/(-5) - 1).
5
Let h(y) = 7*y - 2. Let m be h(-4). Let f(r) = -3*r**2 - 34*r - 117. Let c be f(-5). Let q = c - m. What is the remainder when q is divided by 6?
2
Suppose 9*x - 38*x = -58. Calculate the remainder when 213 is divided by 1110/60 - 1/x.
15
Let r = -89357 + 89365. Suppose 4 = 2*f + 4*m, -2*m - 4 - 4 = -4*f. What is the remainder when (-1 - 0) + 20 + f is divided by r?
5
Let d(r) = r**3 + 17*r**2 + 20*r - 31. What is the remainder when d(-9) is divided by 135?
32
Let d(s) = 1145*s - 6786. Calculate the remainder when d(7) is divided by 38.
13
Suppose 79*r = v + 81*r - 1, 5*v - 40 = -3*r. Calculate the remainder when 643 is divided by v.
5
Suppose 2*c + d = 172, -4*c - 54 = -5*d - 342. Calculate the remainder when 5325 is divided by c.
77
Let x = 74 - 65. Let j(z) = -z**3 + 5*z**2 + 3*z + 24. Calculate the remainder when x is divided by j(6).
3
Let r = 11 + 514. Calculate the remainder when r/14*(-7)/((-21)/76) is divided by 14.
12
Let w = -56 + 60. Let v be ((-885)/40)/(3/2)*w. Calculate the remainder when 5*4/10 - v is divided by 16.
13
Let m = 9344 - 9022. What is the remainder when 326 is divided by m?
4
Suppose 7*p + 3 = 4*p. Let o be -3 + 76 - 3*p/1. Suppose o = -2*u + 6*u. What is the remainder when u is divided by 4?
3
Suppose 0 = 10*n - 3*n - 3710. Let a = n + -502. What is the remainder when 165 is divided by a?
25
Let t = -9089 + 9445. Calculate the remainder when t is divided by 76.
52
Suppose q = 5*w + 1062, 4*w + 1536 = 2*q - 588. Suppose 223*x - 217*x = q. Calculate the remainder when x is divided by 14.
9
Suppose -18 = -4*l - 5*o, -2*o + 1 = -l - 1. Let s(y) = 10*y + 3*y**2 + 1 - 8 - 4 - 4*y**l. What is the remainder when 24 is divided by s(5)?
10
Suppose 13*n + 6 = 12*n, -2*q - 4*n + 4 = 0. Calculate the remainder when q is divided by (126/45)/(1/5).
0
Suppose -142*j = -130*j - 672. What is the remainder when 262 is divided by j?
38
Let w = -3089 + 3252. What is the remainder when 1790 is divided by w?
160
Calculate the remainder when (-1498)/(-5243) + ((-23186)/(-42) - 6/(-9)) is divided by 149.
106
Let n be -1 + 0 - (0 - 7). Let x = 281 - 276. Suppose -x*z - 3 = -n*z. Calculate the remainder when 14 is divided by z.
2
Suppose -4*r + 24531 = -4*q - 89593, 2*r + q = 57080. What is the remainder when r is divided by 63?
61
Let i(l) = 619*l + 1938. Calculate the remainder when 1449 is divided by i(-3).
72
Let w(x) = x**3 - x**2. Let u(t) = -3*t**3 + 9*t**2 - 6*t - 3. Let h(f) = u(f) + 4*w(f). What is the remainder when h(-4) is divided by (-94 + -1)*41/(-205)?
18
Let k = -127 + 131. What is the remainder when (4/4 - -73) + k is divided by 22?
12
Let m(z) = -2*z - 24. Let k be m(10). Let c = k + 56. Calculate the remainder when (c/7)/(2*8/336) is divided by 8.
4
Calculate the remainder when (-108 + 1)*(7 + -10 + -1) is divided by 124.
56
Suppose -7*f + 275 = -3029. Let w = f - 457. What is the remainder when 56 is divided by w?
11
Let v = -1174 - -1226. What is the remainder when 3118 is divided by v?
50
Suppose 0 = 25*d - 13356 - 8419. What is the remainder when d is divided by 72?
7
Let n(o) = o - 81*o**3 - 9*o**2 + 0*o**2 + 2 + 80*o**3. Let z be n(-9). What is the remainder when (-41)/(-6) - z/42 is divided by 5?
2
Suppose 0*f - 13 = -5*l - 2*f, -11 = -4*l - f. Suppose -l*j - i = -16, 4*j + i - 21 = 2. What is the remainder when 50 is divided by j?
1
Let d = 659 - 652. Suppose 127 + 209 = d*j. What is the remainder when 1343 is divided by j?
47
Let c(u) = -2*u**3 - 8*u**2 - u + 3. Let x be c(-6). Suppose -29*t - 2349 = -2*t. Let m = x + t. What is the remainder when m is divided by 34?
32
Suppose 4336 = 95*c - 699. What is the remainder when 966 is divided by c?
12
Suppose 212*d + 40*d = 75096. What is the remainder when d is divided by 93?
19
Let i = 787 - 524. Let g = i - 196. What is the remainder when 468 is divided by g?
66
Let x = 7025 + -6447. Calculate the remainder when x is divided by 192.
2
Let v(k) = k**2 + 656. Let j = -650 - -697. Calculate the remainder when v(0) is divided by j.
45
Let q = -14 + 13. Let z = q - -9. Calculate the remainder when z is divided by 2.
0
Let n(o) = 2*o - 1. Let b be n(7). Let r(j) = 9*j**2 + 10*j + 13. Calculate the remainder when r(4) is divided by 10/(-65) + 431/b.
32
Suppose -3*v = 3*u - 12, -2*v + 8 = u - 0. Suppose -v*r + 86 + 2 = 0. Suppose 0 = -5*b + r + 48. What is the remainder when 54 is divided by b?
12
Suppose -b + 4*o + 272 = 0, 1479 = 5*b + 4*o + 167. Calculate the remainder when 829 is divided by b.
37
Let n(a) = -7 + a**3 - 7*a + 0*a**2 + 8 - 4*a**2 + 9. Let j be n(5). Calculate the remainder when (j + 2*2)/(6/66) is divided by 12.
8
Let c = 10242 + -9094. What is the remainder when c is divided by 43?
30
Let h = 12627 + -12467. What is the remainder when 506 is divided by h?
26
Suppose -5*y = -0*y - 30. Let z(i) = -i**3 + 12*i**2 + i - 36. Let f be z(9). Let x = f + -201. Calculate the remainder when x is divided by y.
3
Let v = 